 3692532?
12
What is the highest common divisor of 1040 and 35260?
20
Calculate the greatest common factor of 12 and 8048.
4
What is the greatest common divisor of 470178 and 1?
1
Calculate the highest common divisor of 28781 and 2142.
17
Calculate the highest common divisor of 2272881 and 507.
507
What is the highest common divisor of 1675 and 6375?
25
Calculate the greatest common divisor of 1265 and 86779.
253
What is the highest common divisor of 14 and 200950?
2
Calculate the highest common divisor of 58052 and 6.
2
Calculate the greatest common divisor of 54 and 4428378.
54
Calculate the highest common factor of 245716 and 9588.
188
Calculate the greatest common factor of 7188 and 324.
12
Calculate the greatest common factor of 84680 and 1960.
40
Calculate the greatest common factor of 138504 and 144.
24
Calculate the highest common divisor of 36 and 141516.
36
What is the highest common factor of 5 and 2287700?
5
Calculate the greatest common divisor of 150507 and 9.
9
Calculate the greatest common divisor of 18 and 420381.
9
Calculate the greatest common factor of 1288 and 1855.
7
Calculate the highest common factor of 1920 and 84.
12
What is the highest common factor of 905 and 515?
5
Calculate the greatest common factor of 48324 and 504.
12
What is the greatest common divisor of 2214 and 92?
2
Calculate the highest common divisor of 17 and 405569.
17
Calculate the greatest common divisor of 40 and 24215.
5
Calculate the greatest common factor of 1113 and 66409.
371
Calculate the highest common divisor of 17057 and 26277.
461
What is the highest common factor of 72 and 7700?
4
What is the highest common divisor of 591 and 2416993?
197
What is the greatest common divisor of 207 and 27393?
69
What is the greatest common factor of 3510 and 53430?
390
What is the highest common divisor of 3717175 and 1925?
1925
Calculate the greatest common divisor of 52 and 508.
4
What is the greatest common factor of 20503 and 1073?
29
What is the greatest common factor of 64 and 3544?
8
What is the highest common factor of 10 and 886670?
10
Calculate the greatest common divisor of 79100 and 47008.
452
What is the greatest common divisor of 1014 and 146354?
338
Calculate the highest common divisor of 500 and 246500.
500
What is the highest common divisor of 703740 and 740?
740
Calculate the greatest common divisor of 600 and 34575.
75
What is the greatest common factor of 43314 and 6?
6
Calculate the highest common factor of 1475 and 733370.
295
What is the highest common factor of 822 and 71103?
411
Calculate the greatest common factor of 6035400 and 350.
350
Calculate the highest common divisor of 943863 and 145.
29
Calculate the greatest common factor of 1858860 and 92.
92
What is the highest common factor of 47 and 8819?
1
Calculate the greatest common divisor of 377 and 2549651.
377
What is the highest common factor of 51 and 693141?
51
Calculate the highest common divisor of 5614 and 700.
14
Calculate the greatest common factor of 35987 and 53.
53
Calculate the highest common factor of 116262 and 378.
54
What is the highest common factor of 23 and 5934782?
23
What is the greatest common factor of 1980 and 167220?
180
Calculate the greatest common divisor of 41990 and 17537.
247
What is the highest common factor of 32 and 3436208?
16
What is the greatest common factor of 3311 and 833?
7
Calculate the greatest common factor of 57 and 11609.
19
Calculate the highest common divisor of 1513924 and 12908.
1844
Calculate the highest common divisor of 463550 and 20.
10
What is the greatest common divisor of 18117 and 54?
27
What is the highest common factor of 14039 and 2224?
139
What is the greatest common factor of 1900 and 1525?
25
Calculate the greatest common factor of 1901433 and 92.
23
Calculate the greatest common divisor of 820 and 1020.
20
Calculate the highest common divisor of 758 and 431302.
758
What is the highest common factor of 2894 and 66?
2
Calculate the highest common factor of 1908 and 1692.
36
What is the highest common divisor of 412383 and 2727?
303
What is the highest common divisor of 36 and 49428?
36
What is the highest common divisor of 43362 and 73?
73
What is the greatest common divisor of 732 and 684847?
61
Calculate the greatest common divisor of 393 and 680283.
393
Calculate the greatest common divisor of 5393 and 4.
1
What is the greatest common divisor of 209723 and 1203?
401
What is the highest common divisor of 1144 and 59092?
44
Calculate the greatest common divisor of 595 and 295885.
85
What is the highest common factor of 260 and 126620?
260
Calculate the greatest common divisor of 60 and 49520.
20
Calculate the greatest common factor of 12 and 9924.
12
What is the greatest common divisor of 732 and 3285704?
244
Calculate the highest common factor of 465 and 69347.
31
Calculate the highest common factor of 282 and 10326.
6
Calculate the highest common factor of 49 and 18424.
49
Calculate the greatest common factor of 133570 and 35.
5
What is the highest common factor of 286054 and 628?
314
What is the greatest common factor of 1375 and 66880?
55
Calculate the highest common factor of 167727 and 489.
489
Calculate the greatest common factor of 163217 and 17.
17
Calculate the greatest common factor of 43 and 27649.
43
What is the greatest common divisor of 54 and 167427?
27
Calculate the highest common factor of 814 and 2101.
11
Calculate the highest common factor of 2160 and 35200.
80
What is the highest common factor of 4956 and 171867?
177
Calculate the highest common factor of 27756 and 162.
54
Calculate the greatest common divisor of 27660 and 312.
12
What is the highest common divisor of 16430 and 10?
10
Calculate the greatest common factor of 18872 and 1316.
28
Calculate the highest common divisor of 227694 and 5754.
822
Calculate the greatest common factor of 6183190 and 390.
130
What is the highest common factor of 1470 and 287085?
15
What is the greatest common factor of 16630 and 40?
10
Calculate the highest common factor of 160 and 1168.
16
What is the greatest common factor of 60 and 162525?
15
Calculate the highest common divisor of 2636 and 76.
4
Calculate the greatest common factor of 18 and 142866.
18
What is the greatest common divisor of 2864 and 4016?
16
What is the highest common divisor of 37453 and 335?
67
Calculate the greatest common factor of 6480 and 366000.
240
Calculate the greatest common divisor of 931 and 435169.
49
What is the greatest common factor of 107086 and 28?
14
What is the highest common factor of 75820 and 493?
17
Calculate the greatest common divisor of 34 and 147764.
34
What is the greatest common factor of 2440 and 5002?
122
What is the highest common factor of 908 and 173201?
227
Calculate the highest common divisor of 32430 and 76590.
690
What is the highest common divisor of 18449 and 28159?
971
Calculate the greatest common divisor of 990 and 235917.
99
What is the greatest common divisor of 35666 and 646?
34
What is the highest common divisor of 400 and 5660?
20
What is the greatest common factor of 14 and 13204814?
14
Calculate the greatest common divisor of 140 and 206420.
20
What is the highest common divisor of 1984 and 15904?
32
Calculate the highest common factor of 7153 and 161.
23
What is the greatest common factor of 963 and 393?
3
What is the greatest common divisor of 648 and 15054?
6
Calculate the highest common divisor of 2552 and 177045.
319
What is the highest common factor of 2665 and 19721?
533
What is the greatest common divisor of 68943 and 10318?
469
What is the highest common factor of 634599 and 3969?
441
Calculate the greatest common divisor of 128 and 280736.
32
What is the greatest common divisor of 82 and 153996?
82
Calculate the highest common divisor of 1119534 and 1852.
926
What is the greatest common factor of 114 and 35986?
38
What is the highest common divisor of 702 and 4576?
26
Calculate the greatest common factor of 394 and 184195.
197
Calculate the greatest common factor of 1222903 and 321.
107
What is the highest common factor of 26 and 286364?
26
What is the highest common factor of 238 and 10472?
238
What is the highest common factor of 754 and 84071?
377
What is the highest common divisor of 1243 and 605906?
113
Calculate t